 l = o. What is the units digit of o?
4
Let k = 19 + -11. Let z(x) = x**2 + x. Let w be z(-1). Suppose w = -4*n + k + 24. What is the units digit of n?
8
Let r = 0 - -5. Suppose -j + 3 = -2*j, -27 = -r*g - j. What is the units digit of (-32)/(-6) - 2/g?
5
Suppose 8*o = 6*o + 490. What is the hundreds digit of o?
2
Let n(r) = -r + 4. Let d be n(2). Suppose -d*y = -7*y. Let a = 2 + y. What is the units digit of a?
2
Suppose 1 = -o, 3*w + 0*w = 5*o + 35. Let l = -15 + w. What is the units digit of ((-24)/15)/(2/l)?
4
Let f(j) = j + 6. Let w be f(0). Suppose -12 = -3*c + w. What is the units digit of (c/(-15))/((-2)/40)?
8
Suppose 4*j + 71 = q, q + 0*q + 3*j = 50. What is the units digit of q?
9
Let t = -3 + 5. Suppose 44 = 4*k + 4*m, -2*k - 5*m + 23 = -t*m. What is the tens digit of k?
1
Suppose -8*z + 6 = -5*z. Suppose -z*q + 6 = 2. What is the tens digit of q/(8/(-30))*-2?
1
Let v be (-4)/((-4)/2) + -6. Let p(l) = -4*l**3 + 4*l**2 - 2*l + 10. Let o(q) = q**3 - 1. Let r(a) = 5*o(a) + p(a). What is the units digit of r(v)?
3
What is the units digit of (13 - 1)/(-4) + 270?
7
Let d be ((-2)/(-4))/(1/10). Suppose 2*b = -5*m + 55 + 20, -d*m = 3*b - 105. What is the tens digit of b?
3
Let y be (-1842)/(-10) + (-2)/10. Let h be (-12)/2*y/(-24). Suppose 131 - h = 5*b. What is the tens digit of b?
1
Suppose -10*p = -5*p - 220. What is the units digit of p?
4
Let t be -1*-3*1*-1. Let o = t - -1. What is the units digit of (o*2)/((-3)/3)?
4
Let q = -9 + 72. What is the tens digit of q?
6
What is the units digit of (-74)/(4/(-6)*3)?
7
Let s = 97 + -68. Let n = -16 + s. What is the units digit of n?
3
Suppose 0 = 4*n - 3*j + 6, -n - 2*j = -0*j - 4. Suppose -12 = -2*g - g - 5*o, 3*o = n. Suppose r = g - 0. What is the units digit of r?
4
Suppose -5*i - 122 = -977. What is the tens digit of i?
7
Suppose 2*w - 316 - 86 = 0. What is the units digit of w?
1
Let l = 79 - 28. Suppose d - 24 - l = 0. Suppose -4*r - 13 = -2*v - d, -4*r = 4*v - 44. What is the tens digit of r?
1
Let f(z) = z**3 + z**2 + 2*z - 1. Let p(b) = -2*b**3 - b**2 - 2*b + 1. Let o(r) = 3*f(r) + 2*p(r). What is the units digit of o(1)?
1
Let p(m) = 3*m + 141. What is the units digit of p(0)?
1
Let x = 6 + -6. What is the tens digit of (x - 30/(-9))*3?
1
Let x(d) = -9*d + 280. What is the hundreds digit of x(0)?
2
Let w be 8/6*(-45)/(-6). Let u = w - 6. Suppose 20 = 7*y - 2*y, -u*a + 3*y + 4 = 0. What is the units digit of a?
4
Let x(c) be the first derivative of -c**3/3 + 2*c**2 - 4*c + 3. Let m be x(7). What is the units digit of 5/m - (-41)/5?
8
Suppose 25 = 2*w - 5*q, -2*q - 6 = -0*q. Let j(k) = k**3 - 6*k**2 + 6*k - 1. What is the units digit of j(w)?
4
Let q(n) = n**3 - 5*n**2 - 5*n + 2. Let d be q(6). Let j = 35 - d. What is the tens digit of j?
2
Let q(m) = -m**3 + 12*m**2 - 10. What is the hundreds digit of q(7)?
2
Suppose 4*p - 5*p = 6. Let q = 12 + p. Let r = q + -2. What is the units digit of r?
4
Let k = 15 + 30. What is the units digit of k?
5
Let s(y) = y**2 - 9*y - 9. Let z be s(9). Let p = 24 + z. What is the units digit of p?
5
Suppose -10*x - 714 = -13*x. What is the hundreds digit of x?
2
Let j = 22 - 5. Suppose 5*k - j = 13. Let o = 16 - k. What is the units digit of o?
0
Suppose -q + 383 = 2*s - 0*q, 3*q = 3*s - 552. What is the tens digit of s?
8
Let g = 183 - 130. What is the tens digit of g?
5
Suppose 0*v + 3*v - 27 = 0. Let q = 1 + v. Suppose -n - q = 5*h, 2*h + 10 = n - 1. What is the units digit of n?
5
Let p = -84 - -167. What is the tens digit of p?
8
Suppose 11 = 2*m + 4*q - 9*q, 2*m - 29 = -q. Let s = 60 + -60. Suppose 4*c - 3*c - m = s. What is the tens digit of c?
1
Let w(v) = 5*v**2 + 7*v - 5. Let t(j) = -3*j**2 - 5*j + 3. Let g(q) = 8*t(q) + 5*w(q). Let c be (-3 + 0)*(-5 - -3). What is the units digit of g(c)?
5
Suppose 3*j - 48 - 6 = 0. Suppose -118 = -5*q - j. Suppose 0 = 2*y - q - 2. What is the tens digit of y?
1
Suppose 42*v - 40*v = 274. What is the tens digit of v?
3
Let s = 0 - -4. Let b = s - -4. What is the units digit of b?
8
Let z(s) be the second derivative of -s**5/20 + s**4/2 + s**3/2 - 9*s**2/2 + 2*s. What is the units digit of z(6)?
9
What is the units digit of 3704/28 - 2/7?
2
Let c = -17 - -8. Let a = c - -22. What is the tens digit of a?
1
Suppose 0 = -5*u - 0*u + 10. Suppose 3*y = 6*y + 3. Let w = y + u. What is the units digit of w?
1
Let k(h) = h**3 - 5*h**2 + 2*h - 4. Let x be k(5). Let d = x + 5. What is the units digit of d?
1
Let q be 3*6/(-27)*-3. Suppose 0 = 2*k - q. What is the units digit of k?
1
Let j(x) = 2*x**2 + 11*x + 5. Let n be j(-5). Let z(u) = u + 8. Let k be z(-6). Let o = k + n. What is the units digit of o?
2
Let v(a) = 7*a**2 - 3*a. Let r be v(2). Suppose -r = -5*d + 8. Suppose 3*s - 36 - d = 0. What is the tens digit of s?
1
Suppose -2*n + 4*n = 0. Suppose 4*a + 3*v - 1 = 4*v, n = 3*a + 2*v + 2. Suppose -2*m + 6 + 6 = a. What is the units digit of m?
6
What is the tens digit of (-63)/(-6) - -1*2/4?
1
Let i(f) = 3*f - 8. Let v be i(6). Let g = 4 + 2. Let w = v - g. What is the units digit of w?
4
Suppose 2047 = 5*b + r, -615 = -4*b - r + 1022. What is the hundreds digit of b?
4
Let c(i) = -4*i - 6. What is the units digit of c(-4)?
0
Suppose -2*i - 100 = -7*i. What is the units digit of ((-105)/i)/((-3)/8)?
4
Suppose -2*g - 14 = -172. What is the tens digit of g?
7
Suppose -6*u = -2*u - 64. Suppose -4*b = 20, -m - u + 0 = 4*b. What is the units digit of m?
4
Let j be ((2 - -4)/(-3))/1. Let z be j - -2*4/2. Suppose -4*u + z*b + 36 = 0, 0 = -2*u + u + 2*b + 15. What is the units digit of u?
7
What is the units digit of (-1 - 1) + 11 + -3?
6
Let k(p) = p**3 - 14*p**2 + 15*p + 34. What is the units digit of k(14)?
4
What is the tens digit of (-270)/(-25) + (-2)/(-10)?
1
Suppose -4*b = 5*h - 21, h - 15 + 2 = -3*b. Suppose 2*f + 5*x + 5 = -17, -2*x = -4*f + b. Let w = 13 + f. What is the units digit of w?
2
Suppose -5*f + 85 = 5*m, f - m = -2*f + 51. What is the tens digit of f?
1
Let q(l) = -4 - 2*l - l + 7*l + 4*l. What is the units digit of q(3)?
0
Let j = -39 + 67. What is the units digit of j?
8
What is the hundreds digit of 1 + -3 + (-654)/(-6)?
1
Suppose -3*h + 403 = 103. What is the units digit of h?
0
Suppose -8*j + 260 = -3*j. What is the tens digit of j?
5
Let w(h) = h**3 + 6*h**2 + h - 2. Let g be w(-3). Let q = -5 + g. What is the tens digit of q?
1
Suppose -f - 1 + 4 = 0. Suppose 2*d = 3*d + 2*n - 4, -f*n = -4*d + 38. What is the units digit of d?
8
Let b = 185 - 106. What is the tens digit of b?
7
Suppose q = -4 + 1. Let c be (q/(-2))/((-1)/(-4)). Let l = 5 + c. What is the tens digit of l?
1
Suppose 2*t = t - 6. Let v = 8 + t. Suppose v*s - 55 = 3*q - 6*q, 0 = -4*s - 4. What is the units digit of q?
9
Suppose -3*d = d + 4. Let s = d + 4. Suppose a = -2*j + 11, 2*a + s*a = 4*j + 41. What is the units digit of a?
9
Let l = -13 + 14. What is the units digit of (l/(-2))/(2/(-76))?
9
Let o(t) = t**2 + 3*t - 2. Let j(g) = -2*g**2 - 7*g + 3. Let v(h) = -4*j(h) - 7*o(h). Let n be v(-4). What is the units digit of 4/n*(4 - 34)?
2
Suppose -b + 0*b - 3 = 0. What is the units digit of 38 + 2 + (-3 - b)?
0
Let b(j) = -2*j**2 + 1. Let u be b(2). Let c be 4/(-6)*(u + 1). Suppose 50 = c*x - 38. What is the tens digit of x?
2
Suppose -45 = -5*j + 4*r, -2*j + 4 - 3 = -5*r. What is the tens digit of j?
1
Let y(o) = 2*o - 9. Let u be 2*-3*14/(-6). Let q = u - 4. What is the units digit of y(q)?
1
Let l(w) = 7*w**2 + 9*w - 3. What is the tens digit of l(-4)?
7
What is the units digit of (-3)/(3 + -2 - 2)?
3
Suppose 3*x - 409 = -91. What is the units digit of x?
6
Let v be 0 + (133 + -2 - -2). Let w = v + -92. What is the tens digit of w?
4
What is the units digit of -124*(-2 + 28/16)?
1
Let a(j) = -24*j + 8. What is the tens digit of a(-6)?
5
Suppose 2*n + 72 = 5*n. What is the tens digit of n?
2
Suppose -2*l + 2 = -4. Let g = 39 + -30. What is the units digit of ((-5)/(-3))/(l/g)?
5
Let r(u) = -u + 1. Let j be r(0). What is the units digit of (-7 - (0 - j))*-1?
6
Let f(w) = 17*w + 1. Let n be f(3). Let c be 4/(-26) + 216/n. Suppose -5*s + 1 = 5*o - c, 5*o = 4*s - 40. What is the units digit of s?
5
Suppose 1765 = 14*r - 1497. What is the units digit of r?
3
What is the hundreds digit of ((-316)/(-16))/((-3)/72*-2)?
2
Let b